late the highest common divisor of 8 and n.
8
Suppose 13*i = -32*i + 38547 + 16938. What is the greatest common factor of 72 and i?
9
Let l(f) = -6*f + 112. Let n be l(18). Suppose 2*w + n*y - 120 = 0, -6*w - 276 = -11*w + 2*y. What is the greatest common factor of 280 and w?
56
Let u be 110/(-33)*(0 - (-90)/(-4)). Calculate the greatest common divisor of u and 4800.
75
Let k be (25/(-15)*(12 + -13))/((-3)/(-576)). Calculate the highest common factor of 144 and k.
16
Let f(m) = -4*m - 21. Suppose 0 = -5*w - 82 + 47. Let b be f(w). Suppose -v - b = -51. Calculate the highest common divisor of v and 4.
4
Let x be ((-2)/6)/(3/18). Let o be (-52)/(-8)*x*(-2 - 14). Calculate the greatest common factor of o and 26.
26
Suppose 4*a - 1 = -a + 2*c, 0 = a + c - 3. Let n be (a + -2692)/(-9) - -5. What is the highest common divisor of 114 and n?
38
Let a = 1964 + -1748. Calculate the highest common divisor of a and 8.
8
Let i = -21795 - -21805. Suppose -2 = -5*b + 698. Suppose -b = -4*x + 60. What is the greatest common divisor of i and x?
10
Suppose 25*d - 72 = 28. Suppose -3*o + 12 = 0, -13*f + 12*f = d*o - 24. Calculate the highest common divisor of 32 and f.
8
Suppose 17*i = 27*i - 20. Let l be 132/(-16)*(i - 6). Calculate the highest common factor of l and 198.
33
Suppose -2*c + 133 = -5*a, 0*c + 68 = c - 3*a. Let g(l) = -l**3 + 45*l**2 - 19*l - 1288. Let d be g(43). Calculate the highest common factor of d and c.
59
Let f = 18 + -22. Let c be (224/6)/(-2)*6/f. Let w = c - 12. What is the highest common factor of 16 and w?
16
Suppose 56*s - 50994 = -50210. Suppose -3*o = -o - 12. Let c be (-210)/4*(-8)/o. Calculate the greatest common factor of c and s.
14
Suppose -4*h + 3*t - 360 = -73, 0 = 4*h + 5*t + 247. Let p = 184 + h. Calculate the highest common divisor of p and 145.
29
Let r = 47985 - 27193. Calculate the greatest common divisor of 113 and r.
113
Let t(g) = -g**3 + 3*g**2 - g. Let i be t(2). Let w be -7 + i + 10*1. Suppose -w*a = -430 + 70. Calculate the greatest common divisor of 48 and a.
24
Let p be (37 - 8786/230)/((-3)/175). Suppose -3*k - 36 = -k. Let v = k + 32. Calculate the greatest common divisor of p and v.
14
Let t = -220 - -222. Suppose 0*c - t*c + 330 = 0. Let w(u) = u**3 - 5*u**2 + 5*u. Let j be w(6). What is the greatest common factor of j and c?
33
Suppose 7*m - 2*s - 136259 = 0, 112018 - 14693 = 5*m - 2*s. Calculate the highest common divisor of 206 and m.
103
Suppose 2*v = 5*k - 372, -12*k + 15*k + 5*v - 248 = 0. Suppose -s + 13 + 6 = 0. What is the greatest common divisor of s and k?
19
Suppose -4*z + 16 = -3*z. Let a(j) = j**3 - 11*j**2 + 11*j - 23. Let w be a(10). Let c = w - -17. What is the greatest common divisor of c and z?
4
Suppose 2*c + 56 = 252. Let w(v) = -55*v - 1912. Let k be w(-35). Let z = c - k. What is the highest common factor of z and 17?
17
Suppose r = 2214 + 3166. Calculate the greatest common factor of r and 100.
20
Suppose -3*z + 3 = 3*h, 0*h - 4*z - 20 = -4*h. Calculate the greatest common divisor of 1929 and h.
3
Let b = 8741 + -8660. Calculate the greatest common factor of b and 117.
9
Suppose 5*c - d + 11*d - 1300 = 0, -3*c = d - 790. Calculate the highest common divisor of c and 16.
8
Let w = -141161 + 141293. Suppose 0 = -3*b - 4*m - 20, -2*b - 15 = -0*b + 3*m. Let k be 0 - (-1 - (b + 21)). What is the highest common divisor of k and w?
22
Let w = 98 + -90. Let h be -21 + (-6*(-4)/w - 1). Let j = 64 + h. What is the highest common factor of 495 and j?
45
Suppose 53*u - 97142 + 1889 - 198685 = 0. What is the greatest common divisor of 590 and u?
118
Let j be ((12/10)/2)/((-14)/(-70)). Let v be j*22*(-28)/(-8). What is the highest common factor of v and 21?
21
Suppose -11 = 3*r - u, 0*r + 3*r = -3*u - 27. Let i = r - -31. Suppose 3*b - 3*v = 69, -5*v = -2*b + 26 + i. Calculate the greatest common divisor of 63 and b.
21
Let k be (((-40)/6)/(-4))/(4/72). Let i be (-2)/(-3) - (-105)/45. Suppose -3*y - 420 = -2*f, i*y = 2*y. Calculate the highest common divisor of k and f.
30
Let i(h) = 81*h**2 - 1. Let s be i(-1). Let r(v) = 905*v + 8265. Let z be r(-9). Calculate the greatest common divisor of z and s.
40
Suppose 2*p + 2*y - 29 = -3*p, -6 = -3*y. Suppose -4*i - k + 12 = -9, 3*i = p*k - 13. Calculate the highest common factor of 3 and i.
1
Suppose 0 = -312*d + 308*d - 612. Suppose -1 - 3 = r. Let l be r/18 + (-3247)/d. Calculate the greatest common factor of l and 63.
21
Let j be -21*5/30*-14. Let m be ((-147)/6)/(2/(-8)). What is the greatest common divisor of j and m?
49
Suppose 4 = 4*r - 3*r. Suppose -3*n = -78*c + 83*c - 326, 2*c = 2*n + 124. What is the highest common factor of c and r?
4
Suppose -1407 = 5433*z - 5359*z - 5107. Suppose 0 = -5*l - 15, -3*t + 2*l - 3*l + 267 = 0. Calculate the greatest common factor of z and t.
10
Suppose -88*g = -85*g - 81. Let k(j) = 21*j - 1 + 127*j**2 - 6*j - 35 - 128*j**2. Let f be k(6). What is the greatest common divisor of g and f?
9
Let d = 320 - 315. Suppose d*j - 1760 = -15*j. What is the greatest common divisor of j and 330?
22
Suppose -71*y - 8 = -75*y. Let p(b) = b**2 + b - 3. Let c be p(y). Suppose 0 = -c*a + 15 - 0. Calculate the greatest common factor of 25 and a.
5
Suppose 4*f + 5*w - 196 = 356, 528 = 4*f + 2*w. Suppose 288 = 3*c - 0*c. What is the greatest common factor of f and c?
32
Let l(h) = -5*h**3 - 12*h**2 + 1 + 1308*h - 1313*h - 7. Let p be l(-6). Calculate the greatest common factor of p and 7.
7
Let y = -2587 + 2605. Let w(s) be the third derivative of s**5/60 + 5*s**4/24 - s**3/2 - s**2. Let a be w(-11). Calculate the greatest common factor of a and y.
9
Let v(g) = -g**3 + 93*g**2 + 33*g - 891. Let k be v(90). Calculate the highest common divisor of 27 and k.
27
Let f(u) = 4*u**2 + 6*u + 11. Let n = -79 + 64. Let m be 0 - (-10)/((-5)/(n/(-6))). Let r be f(m). What is the highest common divisor of 9 and r?
9
Let d be 50132/1661 + (-4)/22. Calculate the greatest common divisor of d and 192.
6
Let s be (-21755)/(-57) + (-1)/(-3). Calculate the greatest common factor of 4 and s.
2
Let v(n) = n**2 + 56*n - 864. Let u be v(13). What is the highest common factor of 10461 and u?
33
Let u = -2209 - -2291. What is the greatest common factor of 5986 and u?
82
Suppose -12*a - 5*a = -19*a + 40. What is the greatest common factor of 3035 and a?
5
Suppose -g = 4*s - 2327, 0 = 17*g + 5*s - 26071 - 13425. What is the greatest common divisor of g and 23?
23
Let c(a) = 3*a**3 + a**2 + 2*a + 43. Let b be c(0). Suppose -48*w = -b*w - 1320. What is the highest common factor of 33 and w?
33
Suppose -11*l = 69*l - 6548 - 492. What is the greatest common divisor of 18 and l?
2
Let u(m) = -m**2 - 2*m + 4. Suppose 0 = 12*b - 10*b + 10. Let h be u(b). Let q be 1/(22/99 + h/90). Calculate the greatest common factor of 2 and q.
2
Let x(w) be the second derivative of -11*w**3/2 - 60*w**2 - 14*w + 2. Let v be x(-4). What is the greatest common divisor of 372 and v?
12
Let s be 14 - (-5415)/(17 - 2). What is the greatest common divisor of 135 and s?
15
Let q = 3503 - 3463. Suppose -2*j = -24 - 0. Suppose z + 30 - j = 3*v, -19 = -2*v + 3*z. Calculate the highest common divisor of v and q.
5
Suppose 0 = -h + 2*f - 3*f + 181, 2*h + f = 357. Calculate the greatest common divisor of h and 144.
16
Let t be (-5491)/152*(-11 - -3). Calculate the highest common factor of t and 3077.
17
Let y = 5 - -6. Let v = 83509 - 83289. What is the greatest common factor of y and v?
11
Let d be (-135)/(-30)*242/99. Let m be 1*4*-1*-11. What is the highest common factor of d and m?
11
Suppose -82 + 208 = 7*q. Calculate the greatest common divisor of q and 312.
6
Let l(u) = 51 + 255 + 144 + 13*u + 31. Let s be l(-34). What is the highest common divisor of s and 507?
39
Let c be (-140)/(-798)*(-12)/(-20) + 699665/95. What is the highest common divisor of 105 and c?
15
Let u be (111/(-74))/((-2)/(-4)). Let r be ((u - 5) + 5)/((-4)/4). What is the highest common divisor of 21 and r?
3
Suppose -22 = -5*l + 3*g, -2*l + 3*l = 5*g + 22. Suppose 366 = 3*n - t, -2*t + 5*t - 233 = -l*n. What is the greatest common factor of n and 33?
11
Let y = 100 + -109. Let s be (y - -5 - -3)*15. Let v = -1 - s. Calculate the highest common divisor of 98 and v.
14
Suppose 0 = 2*s - 0*m - 5*m - 15584, -3*m 